{"id":9705,"date":"2022-02-27T08:54:14","date_gmt":"2022-02-27T07:54:14","guid":{"rendered":"https:\/\/www.safety-case-solutions.com\/?post_type=product&#038;p=9705"},"modified":"2023-06-04T09:01:47","modified_gmt":"2023-06-04T07:01:47","slug":"sangle-de-transport-2","status":"publish","type":"product","link":"https:\/\/www.safety-case-solutions.com\/index.php\/produit\/sangle-de-transport-2\/","title":{"rendered":"Sangle de transport"},"content":{"rendered":"<div id=\"shopify-section-template--15098174472376__main\" class=\"shopify-section\">\n<div id=\"ProductSection-template--15098174472376__main-6147542778040\" class=\"product-section\" data-section-id=\"template--15098174472376__main\" data-product-id=\"6147542778040\" data-section-type=\"product\" data-product-handle=\"nanuk-shoulder-strap\" data-product-title=\"Shoulder Strap\" data-product-url=\"\/products\/nanuk-shoulder-strap\" data-aspect-ratio=\"100.0\" data-img-url=\"\/\/cdn.shopify.com\/s\/files\/1\/0526\/9035\/4360\/products\/nanuk-shoulder-strap_52a83fbe-6c07-4154-92b1-c5fb55e80cf1_{width}x.jpg?v=1638486218\" data-history=\"true\" data-modal=\"false\">\n<div class=\"page-content page-content--product Accessories \">\n<div class=\"page-width\">\n<div class=\"grid\">\n<div class=\"grid__item medium-up--two-fifths\">\n<div class=\"product-single__meta\">\n<div class=\"product-short-description\"><\/div>\n<div class=\"spec-buttons\"><\/div>\n<\/div>\n<\/div>\n<\/div>\n<\/div>\n<\/div>\n<\/div>\n<\/div>\n<div id=\"shopify-section-template--15098174472376__1631715760dca2c03d\" class=\"shopify-section\">\n<div class=\"\">\n<div class=\"custom-content\"><\/div>\n<\/div>\n<\/div>\n","protected":false},"excerpt":{"rendered":"<div class=\"product-short-description\">\n<p>Sangle de transport en n\u00e9opr\u00e8ne int\u00e8gre la technologie de confort Aircell\u2122 pour r\u00e9duire la fatigue lors du transport de votre valise. La Sangle de transport peut \u00eatre facilement fix\u00e9e aux valises* NANUK sans aucun mat\u00e9riel suppl\u00e9mentaire.<\/p>\n<p>*La sangle de\u00a0 transport est compatible avec les valises NANUK 905 \u00e0 945.<\/p>\n<p><strong><a href=\"https:\/\/www.safety-case-solutions.com\/wp-content\/uploads\/2022\/02\/specsheet-accessories-shoulder-strap.pdf\">Fiche technique<\/a><\/strong><\/p>\n<\/div>\n<div class=\"spec-buttons\"><\/div>\n","protected":false},"featured_media":9710,"template":"","meta":[],"product_cat":[329,94],"product_tag":[],"composite_virtual":false,"composite_layout":"","composite_add_to_cart_form_location":"","composite_editable_in_cart":false,"composite_sold_individually_context":"","composite_shop_price_calc":"","composite_components":[],"composite_scenarios":[],"jetpack_sharing_enabled":true,"_links":{"self":[{"href":"https:\/\/www.safety-case-solutions.com\/index.php\/wp-json\/wp\/v2\/product\/9705"}],"collection":[{"href":"https:\/\/www.safety-case-solutions.com\/index.php\/wp-json\/wp\/v2\/product"}],"about":[{"href":"https:\/\/www.safety-case-solutions.com\/index.php\/wp-json\/wp\/v2\/types\/product"}],"wp:featuredmedia":[{"embeddable":true,"href":"https:\/\/www.safety-case-solutions.com\/index.php\/wp-json\/wp\/v2\/media\/9710"}],"wp:attachment":[{"href":"https:\/\/www.safety-case-solutions.com\/index.php\/wp-json\/wp\/v2\/media?parent=9705"}],"wp:term":[{"taxonomy":"product_cat","embeddable":true,"href":"https:\/\/www.safety-case-solutions.com\/index.php\/wp-json\/wp\/v2\/product_cat?post=9705"},{"taxonomy":"product_tag","embeddable":true,"href":"https:\/\/www.safety-case-solutions.com\/index.php\/wp-json\/wp\/v2\/product_tag?post=9705"}],"curies":[{"name":"wp","href":"https:\/\/api.w.org\/{rel}","templated":true}]}}