{"id":9539,"date":"2022-02-25T18:03:55","date_gmt":"2022-02-25T17:03:55","guid":{"rendered":"https:\/\/www.safety-case-solutions.com\/?post_type=product&#038;p=9539"},"modified":"2023-06-04T09:01:23","modified_gmt":"2023-06-04T07:01:23","slug":"nanuk-923-graphite-2","status":"publish","type":"product","link":"https:\/\/www.safety-case-solutions.com\/index.php\/produit\/nanuk-923-graphite-2\/","title":{"rendered":"Nanuk 923 Graphite"},"content":{"rendered":"<p>Les pieds en caoutchouc assurent une bonne prise sur toutes les surfaces sans les rayer, tandis que les deux loquets de verrouillage TSA standard prot\u00e8gent vos affaires pendant vos d\u00e9placements. La poign\u00e9e \u00e0 ressort se r\u00e9tracte lorsqu&#8217;elle n&#8217;est pas utilis\u00e9e et les \u0153illets de cadenas sont renforc\u00e9s.<\/p>\n","protected":false},"excerpt":{"rendered":"<p>Les pieds en caoutchouc assurent une bonne prise sur toutes les surfaces sans les rayer, tandis que les deux loquets de verrouillage TSA standard prot\u00e8gent vos affaires pendant vos d\u00e9placements. La poign\u00e9e \u00e0 ressort se r\u00e9tracte lorsqu&#8217;elle n&#8217;est pas utilis\u00e9e et les \u0153illets de cadenas sont renforc\u00e9s.<\/p>\n<ul>\n<li>Int\u00e9rieur (L x l x H) : 422 x 287 x 137 mm<\/li>\n<li>Ext\u00e9rieur (L x l x H) : 472 x 366 x 161 mm<\/li>\n<li>\u00c9tanche \u00e0 l&#8217;eau (IPX7), \u00e0 la poussi\u00e8re (IP6X) et certifi\u00e9 MIL-SPEC<\/li>\n<li>Garantie \u00e0 vie et garantie de satisfaction de 30 jours<\/li>\n<li>Enregistrement de la compagnie a\u00e9rienne : Oui<\/li>\n<li>Bagages \u00e0 main en cabine : Oui<\/li>\n<\/ul>\n","protected":false},"featured_media":888,"template":"","meta":[],"product_cat":[173,83],"product_tag":[],"composite_virtual":false,"composite_layout":"","composite_add_to_cart_form_location":"","composite_editable_in_cart":false,"composite_sold_individually_context":"","composite_shop_price_calc":"","composite_components":[],"composite_scenarios":[],"jetpack_sharing_enabled":true,"_links":{"self":[{"href":"https:\/\/www.safety-case-solutions.com\/index.php\/wp-json\/wp\/v2\/product\/9539"}],"collection":[{"href":"https:\/\/www.safety-case-solutions.com\/index.php\/wp-json\/wp\/v2\/product"}],"about":[{"href":"https:\/\/www.safety-case-solutions.com\/index.php\/wp-json\/wp\/v2\/types\/product"}],"wp:featuredmedia":[{"embeddable":true,"href":"https:\/\/www.safety-case-solutions.com\/index.php\/wp-json\/wp\/v2\/media\/888"}],"wp:attachment":[{"href":"https:\/\/www.safety-case-solutions.com\/index.php\/wp-json\/wp\/v2\/media?parent=9539"}],"wp:term":[{"taxonomy":"product_cat","embeddable":true,"href":"https:\/\/www.safety-case-solutions.com\/index.php\/wp-json\/wp\/v2\/product_cat?post=9539"},{"taxonomy":"product_tag","embeddable":true,"href":"https:\/\/www.safety-case-solutions.com\/index.php\/wp-json\/wp\/v2\/product_tag?post=9539"}],"curies":[{"name":"wp","href":"https:\/\/api.w.org\/{rel}","templated":true}]}}