{"id":9246,"date":"2022-02-25T18:00:01","date_gmt":"2022-02-25T17:00:01","guid":{"rendered":"https:\/\/www.safety-case-solutions.com\/?post_type=product&#038;p=9246"},"modified":"2023-06-04T09:00:38","modified_gmt":"2023-06-04T07:00:38","slug":"nanuk-975-w-2","status":"publish","type":"product","link":"https:\/\/www.safety-case-solutions.com\/index.php\/produit\/nanuk-975-w-2\/","title":{"rendered":"Nanuk 975 W"},"content":{"rendered":"<p>Voici la s\u00e9rie 975 de NANUK &#8211; l&#8217;\u00e9tui de protection \u00e9tanche le plus configurable offert par la marque dont tout le monde parle. Pour la premi\u00e8re fois dans l&#8217;industrie, nous avons con\u00e7u la s\u00e9rie 975 avec des caract\u00e9ristiques modulaires.<\/p>\n<p>Mod\u00e8les M,T,W sur demande via\u00a0 la rubrique contact.<\/p>\n","protected":false},"excerpt":{"rendered":"<p>Prix sur demande<br \/>\nVoici la s\u00e9rie 975 de NANUK &#8211; l&#8217;\u00e9tui de protection \u00e9tanche le plus configurable offert par la marque dont tout le monde parle. Pour la premi\u00e8re fois dans l&#8217;industrie, nous avons con\u00e7u la s\u00e9rie 975 avec des caract\u00e9ristiques modulaires.<\/p>\n<p>Mod\u00e8les M,T,W sur demande via\u00a0 la rubrique contact.<\/p>\n<ul>\n<li>Int\u00e9rieur (L x l x H) : 762 x 533 x 457 mm<\/li>\n<li>Ext\u00e9rieur (L x l x H) : 851 x 617 x 500 mm<\/li>\n<li>\u00c9tanche \u00e0 l&#8217;eau (IPX7), \u00e0 la poussi\u00e8re (IP6X) et certifi\u00e9 MIL-SPEC<\/li>\n<li>Garantie \u00e0 vie<\/li>\n<li>Enregistrement de la compagnie a\u00e9rienne : Oui<\/li>\n<li>Bagages \u00e0 main en cabine : Non<\/li>\n<\/ul>\n<p><strong><a href=\"https:\/\/www.safety-case-solutions.com\/wp-content\/uploads\/2022\/02\/975-brochure-1.pdf\">Fiche technique 975<\/a><\/strong><\/p>\n","protected":false},"featured_media":666,"template":"","meta":[],"product_cat":[95,277,105],"product_tag":[],"composite_virtual":false,"composite_layout":"","composite_add_to_cart_form_location":"","composite_editable_in_cart":false,"composite_sold_individually_context":"","composite_shop_price_calc":"","composite_components":[],"composite_scenarios":[],"jetpack_sharing_enabled":true,"_links":{"self":[{"href":"https:\/\/www.safety-case-solutions.com\/index.php\/wp-json\/wp\/v2\/product\/9246"}],"collection":[{"href":"https:\/\/www.safety-case-solutions.com\/index.php\/wp-json\/wp\/v2\/product"}],"about":[{"href":"https:\/\/www.safety-case-solutions.com\/index.php\/wp-json\/wp\/v2\/types\/product"}],"wp:featuredmedia":[{"embeddable":true,"href":"https:\/\/www.safety-case-solutions.com\/index.php\/wp-json\/wp\/v2\/media\/666"}],"wp:attachment":[{"href":"https:\/\/www.safety-case-solutions.com\/index.php\/wp-json\/wp\/v2\/media?parent=9246"}],"wp:term":[{"taxonomy":"product_cat","embeddable":true,"href":"https:\/\/www.safety-case-solutions.com\/index.php\/wp-json\/wp\/v2\/product_cat?post=9246"},{"taxonomy":"product_tag","embeddable":true,"href":"https:\/\/www.safety-case-solutions.com\/index.php\/wp-json\/wp\/v2\/product_tag?post=9246"}],"curies":[{"name":"wp","href":"https:\/\/api.w.org\/{rel}","templated":true}]}}