{"id":9239,"date":"2022-02-25T18:00:00","date_gmt":"2022-02-25T17:00:00","guid":{"rendered":"https:\/\/www.safety-case-solutions.com\/?post_type=product&#038;p=9239"},"modified":"2023-06-04T09:00:37","modified_gmt":"2023-06-04T07:00:37","slug":"nanuk-970-2","status":"publish","type":"product","link":"https:\/\/www.safety-case-solutions.com\/index.php\/produit\/nanuk-970-2\/","title":{"rendered":"Nanuk 970"},"content":{"rendered":"<p>Mesurant 24x24x14,2&#8243; \u00e0 l&#8217;int\u00e9rieur, la NANUK 970 offre non seulement un niveau de protection maximal, mais aussi une grande capacit\u00e9 de rangement. Elle est con\u00e7ue pour supporter les mauvais traitements afin que l&#8217;\u00e9quipement qu&#8217;elle contient ne les subisse pas. Construite pour organiser, prot\u00e9ger et transporter.<\/p>\n","protected":false},"excerpt":{"rendered":"<p>472,58\u20ac<br \/>\nMesurant 24x24x14,2&#8243; \u00e0 l&#8217;int\u00e9rieur, la NANUK 970 offre non seulement un niveau de protection maximal, mais aussi une grande capacit\u00e9 de rangement. Elle est con\u00e7ue pour supporter les mauvais traitements afin que l&#8217;\u00e9quipement qu&#8217;elle contient ne les subisse pas. Construite pour organiser, prot\u00e9ger et transporter.<\/p>\n<ul>\n<li>Int\u00e9rieur (L x l x H) : 610 x 610 x 361 mm<\/li>\n<li>Ext\u00e9rieur (L x l x H) : 699 x 691 x 406 mm<\/li>\n<li>\u00c9tanche \u00e0 l&#8217;eau (IPX7), \u00e0 la poussi\u00e8re (IP6X) et certifi\u00e9 MIL-SPEC<\/li>\n<li>Garantie \u00e0 vie<\/li>\n<li>Enregistrement de la compagnie a\u00e9rienne : Oui<\/li>\n<li>Bagages \u00e0 main en cabine : Non<\/li>\n<\/ul>\n<p><strong><a href=\"https:\/\/www.safety-case-solutions.com\/wp-content\/uploads\/2022\/02\/specsheet_970.pdf\">Fiche technique 970<\/a><\/strong><\/p>\n","protected":false},"featured_media":664,"template":"","meta":[],"product_cat":[95,277,105],"product_tag":[],"composite_virtual":false,"composite_layout":"","composite_add_to_cart_form_location":"","composite_editable_in_cart":false,"composite_sold_individually_context":"","composite_shop_price_calc":"","composite_components":[],"composite_scenarios":[],"jetpack_sharing_enabled":true,"_links":{"self":[{"href":"https:\/\/www.safety-case-solutions.com\/index.php\/wp-json\/wp\/v2\/product\/9239"}],"collection":[{"href":"https:\/\/www.safety-case-solutions.com\/index.php\/wp-json\/wp\/v2\/product"}],"about":[{"href":"https:\/\/www.safety-case-solutions.com\/index.php\/wp-json\/wp\/v2\/types\/product"}],"wp:featuredmedia":[{"embeddable":true,"href":"https:\/\/www.safety-case-solutions.com\/index.php\/wp-json\/wp\/v2\/media\/664"}],"wp:attachment":[{"href":"https:\/\/www.safety-case-solutions.com\/index.php\/wp-json\/wp\/v2\/media?parent=9239"}],"wp:term":[{"taxonomy":"product_cat","embeddable":true,"href":"https:\/\/www.safety-case-solutions.com\/index.php\/wp-json\/wp\/v2\/product_cat?post=9239"},{"taxonomy":"product_tag","embeddable":true,"href":"https:\/\/www.safety-case-solutions.com\/index.php\/wp-json\/wp\/v2\/product_tag?post=9239"}],"curies":[{"name":"wp","href":"https:\/\/api.w.org\/{rel}","templated":true}]}}