{"id":9230,"date":"2022-02-25T17:59:58","date_gmt":"2022-02-25T16:59:58","guid":{"rendered":"https:\/\/www.safety-case-solutions.com\/?post_type=product&#038;p=9230"},"modified":"2023-06-04T09:00:36","modified_gmt":"2023-06-04T07:00:36","slug":"nanuk-938-2","status":"publish","type":"product","link":"https:\/\/www.safety-case-solutions.com\/index.php\/produit\/nanuk-938-2\/","title":{"rendered":"Nanuk 938"},"content":{"rendered":"<p>La NANUK 938 peut ranger un grand nombre de vos objets essentiels. Avec ses 21,5 po de longueur et pr\u00e8s de 12 po de profondeur, elle offre un niveau de protection maximal pour tout votre \u00e9quipement personnel et professionnel.<\/p>\n","protected":false},"excerpt":{"rendered":"<p>348,60\u20ac<br \/>\nLa NANUK 938 peut ranger un grand nombre de vos objets essentiels. Avec ses 21,5 po de longueur et pr\u00e8s de 12 po de profondeur, elle offre un niveau de protection maximal pour tout votre \u00e9quipement personnel et professionnel.<\/p>\n<ul>\n<li>Int\u00e9rieur (L x l x H) : 546 x 318 x 294 mm<\/li>\n<li>Ext\u00e9rieur (L x l x H) : 605 x 394 x 336 mm<\/li>\n<li>\u00c9tanche \u00e0 l&#8217;eau (IPX7), \u00e0 la poussi\u00e8re (IP6X) et certifi\u00e9 MIL-SPEC<\/li>\n<li>Garantie \u00e0 vie<\/li>\n<li>Enregistrement de la compagnie a\u00e9rienne : Oui<\/li>\n<li>Bagages \u00e0 main en cabine : Non<\/li>\n<\/ul>\n<p><strong><a href=\"https:\/\/www.safety-case-solutions.com\/wp-content\/uploads\/2022\/02\/specsheet_938.pdf\">Fiche technique 938<\/a><\/strong><\/p>\n","protected":false},"featured_media":645,"template":"","meta":[],"product_cat":[95,277],"product_tag":[],"composite_virtual":false,"composite_layout":"","composite_add_to_cart_form_location":"","composite_editable_in_cart":false,"composite_sold_individually_context":"","composite_shop_price_calc":"","composite_components":[],"composite_scenarios":[],"jetpack_sharing_enabled":true,"_links":{"self":[{"href":"https:\/\/www.safety-case-solutions.com\/index.php\/wp-json\/wp\/v2\/product\/9230"}],"collection":[{"href":"https:\/\/www.safety-case-solutions.com\/index.php\/wp-json\/wp\/v2\/product"}],"about":[{"href":"https:\/\/www.safety-case-solutions.com\/index.php\/wp-json\/wp\/v2\/types\/product"}],"wp:featuredmedia":[{"embeddable":true,"href":"https:\/\/www.safety-case-solutions.com\/index.php\/wp-json\/wp\/v2\/media\/645"}],"wp:attachment":[{"href":"https:\/\/www.safety-case-solutions.com\/index.php\/wp-json\/wp\/v2\/media?parent=9230"}],"wp:term":[{"taxonomy":"product_cat","embeddable":true,"href":"https:\/\/www.safety-case-solutions.com\/index.php\/wp-json\/wp\/v2\/product_cat?post=9230"},{"taxonomy":"product_tag","embeddable":true,"href":"https:\/\/www.safety-case-solutions.com\/index.php\/wp-json\/wp\/v2\/product_tag?post=9230"}],"curies":[{"name":"wp","href":"https:\/\/api.w.org\/{rel}","templated":true}]}}