{"id":9228,"date":"2022-02-25T17:59:58","date_gmt":"2022-02-25T16:59:58","guid":{"rendered":"https:\/\/www.safety-case-solutions.com\/?post_type=product&#038;p=9228"},"modified":"2023-06-04T09:00:36","modified_gmt":"2023-06-04T07:00:36","slug":"nanuk-933-2","status":"publish","type":"product","link":"https:\/\/www.safety-case-solutions.com\/index.php\/produit\/nanuk-933-2\/","title":{"rendered":"Nanuk 933"},"content":{"rendered":"<p>La sacoche NANUK 933 r\u00e9siste \u00e0 l&#8217;eau, aux chocs, \u00e0 la poussi\u00e8re et \u00e0 presque toutes les menaces qui p\u00e8sent sur vos \u00e9quipements sensibles, qu&#8217;il s&#8217;agisse de drones, d&#8217;\u00e9quipements m\u00e9dicaux ou autres. Elle est construite pour organiser, prot\u00e9ger, transporter et survivre dans des conditions difficiles.<\/p>\n","protected":false},"excerpt":{"rendered":"<p>244,58\u20ac<br \/>\nLa sacoche NANUK 933 r\u00e9siste \u00e0 l&#8217;eau, aux chocs, \u00e0 la poussi\u00e8re et \u00e0 presque toutes les menaces qui p\u00e8sent sur vos \u00e9quipements sensibles, qu&#8217;il s&#8217;agisse de drones, d&#8217;\u00e9quipements m\u00e9dicaux ou autres. Elle est construite pour organiser, prot\u00e9ger, transporter et survivre dans des conditions difficiles.<\/p>\n<ul>\n<li>Int\u00e9rieur (L x l x H) : 457 x 330 x 241 mm<\/li>\n<li>Ext\u00e9rieur (L x l x H) : 505 x 409 x 257 mm<\/li>\n<li>\u00c9tanche \u00e0 l&#8217;eau (IPX7), \u00e0 la poussi\u00e8re (IP6X) et certifi\u00e9 MIL-SPEC<\/li>\n<li>Garantie \u00e0 vie<\/li>\n<li>Enregistrement de la compagnie a\u00e9rienne : Oui<\/li>\n<li>Bagages \u00e0 main en cabine : Non<\/li>\n<\/ul>\n<p><strong><a href=\"https:\/\/www.safety-case-solutions.com\/wp-content\/uploads\/2022\/02\/specsheet_933.pdf\">Fiche technique 933<\/a><\/strong><\/p>\n","protected":false},"featured_media":641,"template":"","meta":[],"product_cat":[95,277],"product_tag":[],"composite_virtual":false,"composite_layout":"","composite_add_to_cart_form_location":"","composite_editable_in_cart":false,"composite_sold_individually_context":"","composite_shop_price_calc":"","composite_components":[],"composite_scenarios":[],"jetpack_sharing_enabled":true,"_links":{"self":[{"href":"https:\/\/www.safety-case-solutions.com\/index.php\/wp-json\/wp\/v2\/product\/9228"}],"collection":[{"href":"https:\/\/www.safety-case-solutions.com\/index.php\/wp-json\/wp\/v2\/product"}],"about":[{"href":"https:\/\/www.safety-case-solutions.com\/index.php\/wp-json\/wp\/v2\/types\/product"}],"wp:featuredmedia":[{"embeddable":true,"href":"https:\/\/www.safety-case-solutions.com\/index.php\/wp-json\/wp\/v2\/media\/641"}],"wp:attachment":[{"href":"https:\/\/www.safety-case-solutions.com\/index.php\/wp-json\/wp\/v2\/media?parent=9228"}],"wp:term":[{"taxonomy":"product_cat","embeddable":true,"href":"https:\/\/www.safety-case-solutions.com\/index.php\/wp-json\/wp\/v2\/product_cat?post=9228"},{"taxonomy":"product_tag","embeddable":true,"href":"https:\/\/www.safety-case-solutions.com\/index.php\/wp-json\/wp\/v2\/product_tag?post=9228"}],"curies":[{"name":"wp","href":"https:\/\/api.w.org\/{rel}","templated":true}]}}