{"id":12862,"date":"2022-11-24T12:24:13","date_gmt":"2022-11-24T11:24:13","guid":{"rendered":"https:\/\/www.safety-case-solutions.com\/?post_type=product&#038;p=12862"},"modified":"2023-06-04T09:02:15","modified_gmt":"2023-06-04T07:02:15","slug":"pack-4-conteneurs-assechants","status":"publish","type":"product","link":"https:\/\/www.safety-case-solutions.com\/index.php\/produit\/pack-4-conteneurs-assechants\/","title":{"rendered":"PACK 4 Conteneurs ass\u00e9chants"},"content":{"rendered":"<div id=\"shopify-section-template--15098174472376__main\" class=\"shopify-section\">\n<div id=\"ProductSection-template--15098174472376__main-6147542778040\" class=\"product-section\" data-section-id=\"template--15098174472376__main\" data-product-id=\"6147542778040\" data-section-type=\"product\" data-product-handle=\"nanuk-shoulder-strap\" data-product-title=\"Shoulder Strap\" data-product-url=\"\/products\/nanuk-shoulder-strap\" data-aspect-ratio=\"100.0\" data-img-url=\"\/\/cdn.shopify.com\/s\/files\/1\/0526\/9035\/4360\/products\/nanuk-shoulder-strap_52a83fbe-6c07-4154-92b1-c5fb55e80cf1_{width}x.jpg?v=1638486218\" data-history=\"true\" data-modal=\"false\">\n<div class=\"page-content page-content--product Accessories \">\n<div class=\"page-width\">\n<div class=\"grid\">\n<div class=\"grid__item medium-up--two-fifths\">\n<div class=\"product-single__meta\">\n<div class=\"spec-buttons\">Les contenants d\u00e9shydratants r\u00e9utilisables NANUK prot\u00e8gent de l&#8217;humidit\u00e9 . Le syst\u00e8me actif (perles de gel de\u00a0 silice)\u00a0 peut \u00eatre r\u00e9activ\u00e9 par une exposition \u00e0 une temp\u00e9rature de 250\u00b0 pendant 3 heures dans un four traditionnel.<\/div>\n<\/div>\n<\/div>\n<\/div>\n<\/div>\n<\/div>\n<\/div>\n<\/div>\n","protected":false},"excerpt":{"rendered":"<div class=\"product-short-description\">\n<p>Les contenants d\u00e9shydratants r\u00e9utilisables NANUK prot\u00e8gent de l&#8217;humidit\u00e9 . Le syst\u00e8me actif (perles de gel de\u00a0 silice)\u00a0 peut \u00eatre r\u00e9activ\u00e9 par une exposition \u00e0 une temp\u00e9rature de 250\u00b0 pendant 3 heures dans un four traditionnel.<\/p>\n<\/div>\n<div class=\"spec-buttons\"><strong><a href=\"https:\/\/www.safety-case-solutions.com\/wp-content\/uploads\/2022\/03\/nanuk-silica-gel-canister-packaging-instructions.pdf\">Fiche technique<\/a><\/strong><\/div>\n","protected":false},"featured_media":12863,"template":"","meta":[],"product_cat":[329,94],"product_tag":[],"composite_virtual":false,"composite_layout":"","composite_add_to_cart_form_location":"","composite_editable_in_cart":false,"composite_sold_individually_context":"","composite_shop_price_calc":"","composite_components":[],"composite_scenarios":[],"jetpack_sharing_enabled":true,"_links":{"self":[{"href":"https:\/\/www.safety-case-solutions.com\/index.php\/wp-json\/wp\/v2\/product\/12862"}],"collection":[{"href":"https:\/\/www.safety-case-solutions.com\/index.php\/wp-json\/wp\/v2\/product"}],"about":[{"href":"https:\/\/www.safety-case-solutions.com\/index.php\/wp-json\/wp\/v2\/types\/product"}],"wp:featuredmedia":[{"embeddable":true,"href":"https:\/\/www.safety-case-solutions.com\/index.php\/wp-json\/wp\/v2\/media\/12863"}],"wp:attachment":[{"href":"https:\/\/www.safety-case-solutions.com\/index.php\/wp-json\/wp\/v2\/media?parent=12862"}],"wp:term":[{"taxonomy":"product_cat","embeddable":true,"href":"https:\/\/www.safety-case-solutions.com\/index.php\/wp-json\/wp\/v2\/product_cat?post=12862"},{"taxonomy":"product_tag","embeddable":true,"href":"https:\/\/www.safety-case-solutions.com\/index.php\/wp-json\/wp\/v2\/product_tag?post=12862"}],"curies":[{"name":"wp","href":"https:\/\/api.w.org\/{rel}","templated":true}]}}