{"id":7,"date":"2021-10-07T18:26:55","date_gmt":"2021-10-07T16:26:55","guid":{"rendered":"http:\/\/scsfirh.cluster030.hosting.ovh.net\/vf19257-ovh\/?page_id=7"},"modified":"2022-03-30T09:10:11","modified_gmt":"2022-03-30T07:10:11","slug":"a-propos-de","status":"publish","type":"page","link":"https:\/\/www.safety-case-solutions.com\/index.php\/a-propos-de\/","title":{"rendered":"\u00c0 propos de"},"content":{"rendered":"\n<h2 class=\"wp-block-heading\">\u00c0 propos de nous<\/h2>\n\n\n\n<p class=\"has-text-align-justify\">Jeune entreprise sp\u00e9cialis\u00e9e dans la protection et la pr\u00e9sentation des mat\u00e9riels et \u00e9quipements. Nous \u00e9laborons pour vous, am\u00e9nagements int\u00e9rieurs et ext\u00e9rieurs sur-mesure.<\/p>\n\n\n\n<p class=\"has-text-align-justify\">Nous travaillons sur diff\u00e9rents type de projet :<\/p>\n\n\n\n<ul><li>Pr\u00e9sentation commerciale<\/li><li>Assistance aux utilisateurs terrain<\/li><li>Protection des mat\u00e9riels sportifs et militaires<\/li><\/ul>\n\n\n\n<p class=\"has-text-align-justify\">R\u00e9pondant aux besoins de nos clients avec rigueur et \u00e9coute, nous vous invitons \u00e0 nous contacter afin de r\u00e9aliser vos projets.<\/p>\n\n\n\n<p class=\"has-text-align-justify\">Particuliers, professionnels, administrations et associations, n\u2019h\u00e9sitez plus \u00e0 personnaliser vos projets!<\/p>\n\n\n\n<p><\/p>\n","protected":false},"excerpt":{"rendered":"<p>\u00c0 propos de nous Jeune entreprise sp\u00e9cialis\u00e9e dans la protection et la pr\u00e9sentation des mat\u00e9riels et \u00e9quipements. Nous \u00e9laborons pour vous, am\u00e9nagements int\u00e9rieurs et ext\u00e9rieurs sur-mesure. Nous travaillons sur diff\u00e9rents type de projet : Pr\u00e9sentation commerciale Assistance aux utilisateurs terrain Protection des mat\u00e9riels sportifs et militaires R\u00e9pondant aux besoins de nos clients avec rigueur et [&hellip;]<\/p>\n","protected":false},"author":1,"featured_media":0,"parent":0,"menu_order":0,"comment_status":"closed","ping_status":"closed","template":"","meta":{"footnotes":""},"jetpack_sharing_enabled":true,"_links":{"self":[{"href":"https:\/\/www.safety-case-solutions.com\/index.php\/wp-json\/wp\/v2\/pages\/7"}],"collection":[{"href":"https:\/\/www.safety-case-solutions.com\/index.php\/wp-json\/wp\/v2\/pages"}],"about":[{"href":"https:\/\/www.safety-case-solutions.com\/index.php\/wp-json\/wp\/v2\/types\/page"}],"author":[{"embeddable":true,"href":"https:\/\/www.safety-case-solutions.com\/index.php\/wp-json\/wp\/v2\/users\/1"}],"replies":[{"embeddable":true,"href":"https:\/\/www.safety-case-solutions.com\/index.php\/wp-json\/wp\/v2\/comments?post=7"}],"version-history":[{"count":3,"href":"https:\/\/www.safety-case-solutions.com\/index.php\/wp-json\/wp\/v2\/pages\/7\/revisions"}],"predecessor-version":[{"id":12093,"href":"https:\/\/www.safety-case-solutions.com\/index.php\/wp-json\/wp\/v2\/pages\/7\/revisions\/12093"}],"wp:attachment":[{"href":"https:\/\/www.safety-case-solutions.com\/index.php\/wp-json\/wp\/v2\/media?parent=7"}],"curies":[{"name":"wp","href":"https:\/\/api.w.org\/{rel}","templated":true}]}}